actors of o(6)?
2
Suppose 3*d = 4*h + 22, -33 = -5*d + 5*h - 3. Let i = 3 + 1. Suppose -b - i*g - 5 = 0, -b - 8 = -5*b - d*g. What are the prime factors of b?
3
Let w(s) = 2*s**3 - 8*s**2 + 2*s - 17. List the prime factors of w(7).
3, 97
Let k(o) = 11*o**2 + 5. What are the prime factors of k(3)?
2, 13
Let n(f) = 2*f - 4. Let x be n(4). Let h be x/(((-6)/(-33))/1). Suppose -4*p - y + 5 + h = 0, 2 = p + 5*y. List the prime factors of p.
7
Suppose -c - l = -147, 0 = -5*c - l - 0*l + 735. List the prime factors of c.
3, 7
Let l = 10 + -8. Let x = l + 14. List the prime factors of x.
2
Let g be 2/4 + (-15)/(-10). Let m(z) = 2*z**3 - 2*z**2 - z - 1. What are the prime factors of m(g)?
5
List the prime factors of (-1)/30*-4 + (-1078)/(-15).
2, 3
Suppose 6*k - 2*l + 35 = k, 2*k + l + 14 = 0. Let n be ((-1)/(-1))/(1/k). List the prime factors of (0 + n)/(3/(-6)).
2, 7
Let c(p) = -3*p - 10. Suppose -4*a = -w + 14, -2*w = 3*w + a + 35. List the prime factors of c(w).
2
Let t = 15 - 13. What are the prime factors of (3/t)/((-1)/(-30))?
3, 5
Suppose 2*p = -2*p + 132. List the prime factors of p.
3, 11
Let v = -139 - -435. What are the prime factors of v?
2, 37
Let v = 481 + -255. What are the prime factors of v?
2, 113
What are the prime factors of -7 + 5 - -4*1?
2
Let x(p) = -17*p - 1. Let u(k) = 18*k + 1. Let j(q) = -4*u(q) - 5*x(q). What are the prime factors of j(1)?
2, 7
Suppose 4*a - j - 9 = 0, 2*a - 4 - 2 = 2*j. Suppose 6*m - a*m - 20 = 0, n + m = 26. What are the prime factors of n?
3, 7
What are the prime factors of -2 + -3 + 3 + 58?
2, 7
Let r(d) = -2 + 3 + d - 8*d. List the prime factors of r(-2).
3, 5
Suppose 0 = -4*w - 4*l + 32, -3*l = 5*w - 4*l - 64. What are the prime factors of ((-16)/w)/(2/(-3))?
2
Let p = 353 - 42. List the prime factors of p.
311
Let t(a) = 65*a - 1. What are the prime factors of t(1)?
2
Let o = -43 - -75. List the prime factors of o.
2
Let r(b) be the second derivative of b**6/90 - b**5/120 - b**3/2 + 2*b. Let w(s) be the second derivative of r(s). What are the prime factors of w(-1)?
5
Let q = 125 - 82. What are the prime factors of q?
43
Let v be ((-9)/(-6))/((-9)/(-24)). Let k = v - -1. Suppose -2*g + 2*h + 30 = 3*h, 3*g + k*h - 59 = 0. What are the prime factors of g?
13
Suppose -2*j + 3*a = -148, -4*a - a = -20. Let c = j - 38. What are the prime factors of 12/(-18)*c/(-4)?
7
Suppose -92 + 0 = -4*c. What are the prime factors of c?
23
Let b be 1/(3/(-90) - 0). List the prime factors of b/(-3)*12/8.
3, 5
Let r = -3 + 16. Suppose r = -3*a + 40. What are the prime factors of a?
3
Let d be 1/(-3) + (-13)/(-3). Suppose 2*n + 0*n = d. Suppose n*t = -5*x + 52, -2*x + 0*t - 2*t = -16. List the prime factors of x.
2, 3
Let i = 22 - 16. Let r be (-12)/(-8)*i/(-3). List the prime factors of (9 + r)*2/3.
2
Suppose -4*h = -7*h + 147. Suppose 0 = -s + 13 - h. List the prime factors of (-15)/2*s/30.
3
What are the prime factors of -2*2 - (-518)/7?
2, 5, 7
Let v be 2/2*(-5)/(-1). Suppose -29 + 94 = v*f. Let m = -7 + f. What are the prime factors of m?
2, 3
Suppose -2 = -x + 3. Suppose x*l - 86 = -3*w + 65, -229 = -5*w + 3*l. List the prime factors of w.
47
List the prime factors of 2 - (-25 - (0 - 2)).
5
Suppose -y = -20 + 1. Let r = 28 - y. What are the prime factors of r?
3
Suppose -3*p = -9, 190 = 4*a + p + 11. List the prime factors of a.
2, 11
Suppose 2*u = -c, 5*c + 0*u = -5*u. List the prime factors of (c + -1)/((-2)/6).
3
Suppose -2*w = 4*w - 156. What are the prime factors of w?
2, 13
Let x(b) = -3*b - 17. Let f be x(-7). Let k(i) = 4*i + 9. What are the prime factors of k(f)?
5
Let d = -4 + 6. Suppose -8 - 4 = -d*l. Suppose t + 15 = 6*t - 5*w, -2*w + l = 0. What are the prime factors of t?
2, 3
Let a be 1/2 + (-270)/(-20). Let k = 4 - 8. Let m = a + k. List the prime factors of m.
2, 5
Let f(p) = -12*p**3 + p**2 + p. Let z be -2*3/(-3) - 0. Suppose v + z = -v. What are the prime factors of f(v)?
2, 3
What are the prime factors of 2/4 - (-177)/6?
2, 3, 5
Suppose -5*t = v - 50 - 83, -t = -3. List the prime factors of v.
2, 59
Suppose t = 4*t + 15. Let g(k) = k**2 - 5. List the prime factors of g(t).
2, 5
Let w(i) = -3*i + 2*i - 2*i - 3. What are the prime factors of w(-2)?
3
Let n(r) = 3*r**2 + 3*r - 2. Let x be n(2). Let z = x - 6. What are the prime factors of z?
2, 5
Suppose -8*l - 47 - 41 = 0. Let r(c) = -2*c + 1. Let p be r(2). Let o = p - l. List the prime factors of o.
2
Let k = 0 + -1. Let t be (k - 0) + 0 + 4. Suppose -t*r = 2*r - 50. List the prime factors of r.
2, 5
Let q = -59 + 5. Let j = q - -80. Suppose 0*y = 2*s - 5*y - j, 4*y = -8. What are the prime factors of s?
2
Suppose 0 = -3*q - 6 + 21. Suppose 0 = -0*l - q*l + 65. List the prime factors of l.
13
Suppose 3*f = a + 157, -5*f - 3*a + 80 = -177. Suppose g + 64 - 6 = 5*l, 0 = 4*l + 2*g - f. What are the prime factors of l?
2, 3
Suppose -u + 4*q - 2*q = -26, -5*q = 3*u - 100. What are the prime factors of u?
2, 3, 5
Suppose -11*g + 5*g + 702 = 0. List the prime factors of g.
3, 13
What are the prime factors of ((-65)/(-2))/(4/8)?
5, 13
Suppose 2*j + 4*c - 104 = 0, j - 6*j = c - 251. List the prime factors of j.
2, 5
Suppose 0 = -2*b + 40 - 8. List the prime factors of b.
2
Let i = -169 - -268. List the prime factors of i.
3, 11
Let t(x) = x**2 - 7*x + 5. Let s be t(6). List the prime factors of 1 - (2 + s)*-1.
2
Let j(q) = q**2 - 2*q - 3. Let p be j(3). Let k(u) = -u**2 + 3*u + 4. Let a be k(3). Suppose p = 6*x - a*x - 16. List the prime factors of x.
2
Let g be -1 + (0 - 6/2). What are the prime factors of ((-9)/g)/((-3)/(-24))?
2, 3
Let i(c) = c**2 - 2*c + 1. List the prime factors of i(-7).
2
Let a(q) = -7*q + 29. What are the prime factors of a(-14)?
127
What are the prime factors of (-1 - 12/(-8))*508?
2, 127
Let u be 175/(-14)*(-4)/(-5). What are the prime factors of (-2)/(4/u) + 2?
7
Let h = -119 - -53. Let u(f) = -f**2 + 9*f - 6. Let j be u(8). List the prime factors of (j/(-3))/(4/h).
11
Suppose -8 = -3*b + b. Suppose 5 + 7 = b*z. List the prime factors of z.
3
Let j(q) = q**2 - 3*q - 2. Let i be j(4). Suppose -2*k + 8 = -3*d, -i*k = -0*d - d - 8. What are the prime factors of k?
2
Let q = 17 + -12. Suppose 3 = g + 4*u - 22, 4*u = -q*g + 45. Suppose -60 = -g*f + f - 4*a, -30 = -f - 4*a. List the prime factors of f.
2, 5
Let i(w) = -w**3 + w**2 - 2*w + 2. Let l be i(2). Let f = l + 9. List the prime factors of f.
3
Let t(p) = -p**2 - 5*p - 4. Let x be t(-3). Let v = x - -11. List the prime factors of v.
13
Suppose -3*j = a - 3*a - 6, 0 = -5*a + 3*j - 24. Let b(n) = n**2 - 2*n + 12. Let k be b(4). Let w = k + a. What are the prime factors of w?
2, 7
Suppose -20*w + 4694 = -1166. What are the prime factors of w?
293
Suppose -4*x + 2*s - 2 = 0, 5 = 2*x - 3*x + 2*s. Let d be (-4 - -2) + (x - -3). List the prime factors of 9/(d/(-2 - -4)).
3
Let d(p) be the second derivative of -3*p + 1/12*p**4 - 7/6*p**3 + 9/2*p**2 + 0. What are the prime factors of d(6)?
3
Suppose 156 = 7*t - 19. What are the prime factors of t?
5
Let k be 3*(-1 + 10/6). Let z = 17 - k. List the prime factors of z.
3, 5
Let d(m) = m - 3. Let u(q) = q - 2. Let w(t) = -3*d(t) + 2*u(t). What are the prime factors of w(3)?
2
Let b be ((-78)/(-8))/((-3)/(-8)). Let i = 39 - b. What are the prime factors of i?
13
Let x be (-7 - (-1 + 2))/(-1). Suppose 5*k - t = 1 + x, -3*k + 7 = -t. Suppose 3*z - k = -5*r, z + 3 = 3*z + r. What are the prime factors of z?
2
Let w(p) = -13*p**3 - 13*p**2 - 13*p + 5. Let b(t) = 3*t**3 + 3*t**2 + 3*t - 1. Let f(i) = -9*b(i) - 2*w(i). What are the prime factors of f(-2)?
5
Let q be (-21)/(-3) - 6/2. What are the prime factors of (-3)/(-2) + 2/q?
2
Suppose 22 = 2*b - 0*d + d, 3*b = -5*d + 33. Suppose 2*r + 7 = -3*v - 8, -4 = v + r. Let i = b + v. What are the prime factors of i?
2
Suppose 2*z = -y + 28, 4*z + 23 = -3*y + 83. Suppose -2*f + 14 = 4*d, 6*d - 13 = 3*d + f. Suppose d*o - z = o. List the prime factors of o.
2
Let v(n) be the first derivative of 3*n**2 - n - 2. What are the prime factors of v(1)?
5
Let x = -16 - -46. List the prime factors of x.
2, 3, 5
Let h = -31 + 63. What are the prime factors of h?
2
Let n(m) = m - 5. Let j be n(5). Let z(o) = o**2 + 44. List the prime factors of z(j).
2, 11
Let n = 4 - 2. Suppose n*j = -2*j + 12. Suppose j*